0?
True
Suppose 3*a = -2*i + 25 - 3, 5*i + 3*a - 37 = 0. Suppose 0 = p + i*f - 2 + 17, -4*f - 60 = -4*p. Does 3 divide p?
False
Let l = 114 + -57. Does 19 divide l?
True
Suppose 0 = -y - 3*c + 18, 2*y + 5*c = 2*c + 24. Does 5 divide -7 + y - (-1 + -8)?
False
Suppose -13 = 3*t - 43. Is 3 a factor of t?
False
Suppose 64 = -2*x - 2*x. Suppose -38 = 8*l - 9*l. Let j = x + l. Is j a multiple of 11?
True
Let r be -2*(2 + 87/(-6)). Does 4 divide ((-18)/15)/((-2)/r)?
False
Suppose 3*k = -5*t + 290, -k - 3 = -t + 55. Suppose 2*c = -2*h + 106, -c + t = 3*h - h. Is 16 a factor of c?
True
Does 29 divide (17/((-510)/(-12)))/((-2)/(-1130))?
False
Let k(i) = -i**2 + 225. Let b be k(0). Suppose 0 = 5*s + 2*o - b, -3*s - 45 = -4*s + 5*o. Is 18 a factor of s?
False
Suppose -5*o + 6 = -2*o. Is 18 a factor of (-39 - -1)*(-3)/o?
False
Suppose 0 = -5*w + 18 + 7. Suppose 2*v - 255 = -3*v - 5*m, -w*m + 10 = 0. Does 15 divide v?
False
Suppose t - 4*t + 135 = 0. Suppose 2*d - t = -d. Is d a multiple of 5?
True
Let c(g) = -g + 1. Let f be c(-2). Suppose -269 = -5*o - f*d, 5*o - 6*d - 245 = -d. Does 23 divide o?
False
Let h be ((-5)/(-2))/((-2)/(-4)). Let u = h + -6. Let c = 1 - u. Is c even?
True
Suppose -3*a = -a - 16. Let b = 12 + a. Let x = b + -10. Is 10 a factor of x?
True
Let h be 0 - (9/(-3) - -7). Is -2*38/h - -3 a multiple of 22?
True
Suppose -x - 5 = 4*x, -5*k - 2*x = 102. Is (-15)/k - 17/(-4) even?
False
Suppose 4*f = -4*u + 304, -u + 5*f = -0*f - 94. Does 10 divide u?
False
Suppose 4*h - 30 = 2. Suppose -f = -47 + h. Is f a multiple of 13?
True
Let q(x) = 2*x**2 + 4*x + 2. Let p = 3 - 7. Let r be q(p). Let g = 32 - r. Does 10 divide g?
False
Suppose -2*p + 4 = -4*p. Does 7 divide -14*1*1/p?
True
Suppose 4*b + 5*t = -6, 2*b - 5*t + 24 - 6 = 0. Is 4 a factor of (5/(-4))/(1/b)?
False
Let o = 147 - 84. Is 14 a factor of o?
False
Suppose 87 = -5*x + 5*c - 78, 0 = -c + 2. Suppose p - 10 - 50 = 0. Let o = p + x. Is o a multiple of 9?
False
Let f(i) = 2*i + 1. Let q be f(2). Is ((-4)/1)/((-1)/q) a multiple of 8?
False
Let n be (-6 + 5)*0/(-1). Suppose 0*w + w - 6 = n. Is 6 a factor of w?
True
Let m(k) = k**3 - 7*k**2 - 4*k - 3. Let n be m(8). Suppose 4*v + n = -3*p, -5*v + 5*p = -0*v + 10. Is -1 + (-5)/(v/42) a multiple of 15?
False
Suppose -o - 4*r + 20 = 0, -3*r = 2*o + 2*r - 25. Suppose -5*k + 12 - 2 = o. Is (-2 - 0)*(-23)/k a multiple of 6?
False
Let p = -88 + 98. Is 10 a factor of p?
True
Suppose i + 298 = 3*p - i, 0 = -3*p + i + 293. Let w = -41 + p. Does 11 divide w?
True
Let v = 9 - 5. Suppose -2*p + 3*p + 349 = 5*h, 3*h - 206 = v*p. Does 19 divide h?
False
Suppose 0 = -4*p + 77 - 25. Suppose 3*y - 11 = p. Is 3 a factor of y?
False
Suppose -14*m + 288 = -12*m. Does 36 divide m?
True
Suppose 0 = 3*p + 5*z - 222, -2*p - z + 162 = 7. Is p a multiple of 14?
False
Let r = 104 - -43. Is 25 a factor of r?
False
Let l(o) = 3*o + 2. Does 12 divide l(10)?
False
Suppose 0 = 2*i - 75 - 19. Is i a multiple of 30?
False
Suppose -81 - 35 = -4*i. Does 13 divide i?
False
Let c = 234 - 144. Is c a multiple of 10?
True
Let v = 8 + 9. Let h = -2 + v. Suppose 2*c - h = 2*f - 47, -4*f = -5*c - 59. Is f a multiple of 8?
False
Let r(c) = -31*c + 4. Let j(x) = 21*x - 3. Let p(z) = -7*j(z) - 5*r(z). Does 9 divide p(5)?
False
Let k(z) = -2*z**3 + 5*z**2 + 2*z + 3. Let y be k(4). Is 8 a factor of (y - -3)*(-2)/4?
False
Suppose 0 = -4*m + 2*u + 194, -2*u + 5 = -u. Is m a multiple of 12?
False
Suppose 0 = 3*f - 8*f - 105. Suppose -r + 2*r = -36. Let p = f - r. Is 6 a factor of p?
False
Suppose 4*f = 2*f + 8. Suppose -f*b + 240 = -0*b. Is b a multiple of 15?
True
Let v = 36 - 21. Is 14 a factor of v?
False
Suppose -2*t + 0*a - 2*a - 6 = 0, -4*a - 16 = 2*t. Let b(y) = 11*y - 3. Is b(t) a multiple of 6?
False
Suppose 0 = -2*w - 2*a + 156, -6*a = 4*w - 4*a - 320. Does 38 divide w?
False
Is (1392/(-30) + -1)*-5 a multiple of 19?
False
Suppose -x - 4*y - 7 = -0*x, 3*x - y - 18 = 0. Suppose -4*v - 10 = -m, 0*m - 2*m + 3*v = x. Does 3 divide -9*(m/6 - -1)?
True
Suppose -m - 5*k = 19, 0 = -2*m - 4*k - 23 + 9. Suppose l = m + 7. Is l a multiple of 7?
False
Let x(o) = -o**3 - 6*o**2 + 5*o - 9. Let v be x(-7). Suppose -v*t = -2*t - 153. Is 18 a factor of t?
False
Let z(t) = -t**3 - 5*t**2 - 5*t - 2. Let q be -3*(16/6)/2. Let s be z(q). Suppose -c + 40 = 4*u + s*c, c = 2*u - 20. Is 5 a factor of u?
True
Let v = 12 + 3. Let q = -13 + 14. Does 11 divide v + -2 + (q - 3)?
True
Let z = 2 - -3. Let n be 356/z + 3/(-15). Let p = n + -23. Is 17 a factor of p?
False
Let r be 2*(-3 + 2) - 6. Let k(j) = j + 6. Let f be k(r). Is 15 a factor of (f/(-6))/(2/174)?
False
Let v(s) = s**2 + 8*s. Let z(x) = x**2 - 7*x + 7. Let c be z(6). Let d be (-1)/1*c*9. Is v(d) a multiple of 3?
True
Let q be 2/(3/(-3 + 0)). Let l be 0/(q/(-1)) - 2. Is l/(((-18)/(-51))/(-3)) a multiple of 10?
False
Let g(t) = 4*t + 6. Let d be g(-5). Is (d/(-5))/((-1)/(-5)) a multiple of 14?
True
Does 8 divide 40/((-5 + 3)/(-2))?
True
Let p be (-22)/(-6) + (-1)/(-3). Let z be (-2)/(-2 + p) + 10. Suppose -5*t - 4*w - 49 = -129, -2*t + z = -3*w. Is 7 a factor of t?
False
Suppose 4*o + 72 = 3*b, 0*o + 3*o + 47 = 2*b. Is 28 a factor of b?
True
Suppose 0 = -15*g + 5704 - 304. Is 33 a factor of g?
False
Let c(v) = 2*v**2 + v - 1. Is 15 a factor of c(-8)?
False
Suppose -o + 95 = 4*o. Is o a multiple of 6?
False
Suppose 2*p + 454 = 5*g, 0*g - g = -2*p - 94. Let h(u) = u**2 - 6*u - 2. Let r be h(7). Suppose -325 = -r*j - g. Does 25 divide j?
False
Suppose -2*s - 4*a + 594 = -0*s, 0 = 2*a. Is s a multiple of 36?
False
Let m(n) = n**3 + 2*n**2 + 2*n - 5. Is m(4) a multiple of 33?
True
Let t = 297 - 212. Does 17 divide t?
True
Suppose 0 = -p - 3*p + 44. Suppose -l = -0*l - 1, -2*b + l = -p. Is 6 a factor of b?
True
Suppose -2*o + 0*n = 4*n - 156, -4*n - 376 = -5*o. Is o a multiple of 7?
False
Let y(w) = -10*w**2 - 29*w - 37. Let s(k) = -k**2 + 7*k - 2. Let r be s(7). Let d(b) = 3*b**2 + 10*b + 12. Let o(x) = r*y(x) - 7*d(x). Is 17 a factor of o(-9)?
True
Let r = -5 - -10. Let k(o) = -3 - o - r*o + 10*o - o**3 - 5*o**2. Is k(-6) a multiple of 3?
True
Suppose 2*y + 6 - 26 = 0. Does 10 divide y?
True
Let s(r) = r + 7. Let b be s(-5). Suppose 18 = b*k - 52. Suppose 10 = 3*u - k. Is 4 a factor of u?
False
Let o(y) = -y**3 + 9*y**2 - y + 1. Let w be o(9). Let f(j) = -j**3 - 6*j**2 + 2*j + 2. Is 32 a factor of f(w)?
False
Let a(j) be the third derivative of -j**6/15 + j**5/60 - j**3/6 + 4*j**2. Is 4 a factor of a(-1)?
True
Suppose -10 = -u + 2*s, 2*s - 38 = -0*u - 2*u. Is 16 a factor of u?
True
Let x(f) = 2*f**2 + 2*f - 3. Let c be x(-4). Let u = 27 + c. Does 18 divide u?
False
Suppose 23 = -3*m + 5*r + 9, 16 = 4*r. Suppose f = m*y - 105, 3*f + 99 = 2*y - 0*y. Does 24 divide y?
False
Suppose d + 272 = 5*d. Does 17 divide d?
True
Let x = 4 - 6. Let v = 4 + x. Suppose -2*o = 4*w - 16 - 8, v*o - 5*w = 51. Is o a multiple of 9?
True
Suppose 42 = -4*l + 2*l + c, -3*c + 84 = -4*l. Let q be (-2)/7 + (-48)/l. Does 4 divide (-3)/(5 - q)*-7?
False
Let d = -9 - -1. Let f be (3/6)/(1/(-8)). Is 6 a factor of 36/d*f/3?
True
Let n be (0 - -20 - -2) + -1. Suppose -3*f = -5*v - 4*f + 55, -3*v = 3*f - n. Is 12 a factor of v?
True
Let a be (-1028)/(-6) + (-9)/27. Is 3*1 + a/9 a multiple of 11?
True
Suppose -4*n - 5*a + 22 = 0, 8 = -n + 4*a + 3. Suppose -n = -3*z + 12. Suppose -f = -w - 0*w - 30, 90 = 3*f - z*w. Is 15 a factor of f?
True
Let y(v) = -v**2 + v + 11. Let x(b) = -b**2 + b + 10. Let d(u) = -6*x(u) + 5*y(u). Suppose 5 = -4*w - 11. Does 8 divide d(w)?
False
Let y(t) be the first derivative of 10*t**3/3 - 2*t - 3. Is 19 a factor of y(2)?
True
Suppose 5*c - 5*y = 0, 5*c - 12 = -3*y + 5*y. Is 7 a factor of 22 + 4/(-1*c)?
True
Suppose 0 = -2*p + 103 + 113. Is p a multiple of 18?
True
Suppose -2*i + 58 = 2*o, o = 6*o - 5*i - 105. Does 19 divide o?
False
Suppose 4*i - 24 = 3*i. Is i a multiple of 8?
True
Let p(u) = 46*u**2 + 1. Is p(-1) a multiple of 14?
False
Let o(g) = -g**3 - 31*g**2 - 34*g - 30. Is 9 a factor of o(-30)?
True
Suppose -2*m + 15 = -m. Let l be (-2)/(-12)*8*m. Suppose 0 = 5*c + 5*z - l, 0 = 2*c + 4*z + 1 - 3. Is 7 a factor of c?
True
Let w = 7 + -2. Is w a multiple of 5?
True
Is (-8 - 8)*9/(-2) a multiple of 9?
True
Suppose 8*p - 26 = 134. Is p a multiple of 5